+ 2562. Give f(-4).
-2
Let d(x) = -52*x + 884. Give d(17).
0
Let w(p) = -2*p - 30. Give w(6).
-42
Let g(w) = w**3 - 41*w**2 + 3*w - 30. Give g(41).
93
Let r(l) = 75*l + 485. What is r(-3)?
260
Let p(c) = 102*c + 243. Calculate p(-3).
-63
Let i(p) = 3*p**2 - 32*p + 15. Give i(0).
15
Let r(l) = -10*l + 153. What is r(15)?
3
Let r(t) = t**2 - 5*t + 2. Give r(9).
38
Let x(w) = -158*w - 6162. Determine x(-39).
0
Let a(i) = -8*i**2 - 10*i - 9. Calculate a(-1).
-7
Let l(t) = 494*t - 1926. Calculate l(4).
50
Let t(x) = x**2 - 90*x + 1827. Calculate t(31).
-2
Let n(z) = -38*z + 57. What is n(6)?
-171
Let b(x) = -x**2 - 176*x - 4520. Determine b(-144).
88
Let m(n) = 28*n - 695. Determine m(28).
89
Let a(u) = u**3 + 5*u**2 + 160*u + 991. Give a(-6).
-5
Let b(l) = -2*l**3 + 5*l**2 + 18*l - 16. Determine b(4).
8
Let b(j) = -116*j + 4043. What is b(35)?
-17
Let k(i) = 3*i - 49. What is k(12)?
-13
Let x(m) = 4*m**2 - 79*m - 136. Give x(23).
163
Let g(s) = -88*s - 408. What is g(-5)?
32
Let s(f) = 70*f + 2512. What is s(-36)?
-8
Let i(x) = -139*x - 1390. Calculate i(-10).
0
Let u(k) = k**2 + 18*k + 26. Calculate u(-8).
-54
Let j(b) = -b**2 + 52*b - 45. Calculate j(51).
6
Let k(s) = -s**3 - 26*s**2 + 2*s + 107. Determine k(-27).
782
Let d(r) = 2*r**3 - 24*r**2 + 46*r - 528. What is d(12)?
24
Let a(y) = -18*y - 38. Determine a(0).
-38
Let j(w) = 34*w - 1976. Calculate j(59).
30
Let l(c) = c**3 + 12*c**2 + 14*c - 32. Determine l(-11).
-65
Let c(x) = -x**3 + 24*x**2 + 164*x - 544. What is c(29)?
7
Let z(k) = -k**3 - 16*k**2 + 6*k + 27. Calculate z(-17).
214
Let g(h) = -h**2 - 1477*h - 8820. What is g(-6)?
6
Let k(d) = d**3 + 250*d**2 - 1017*d - 237. What is k(-254)?
17
Let o(u) = -43*u + 486. Determine o(11).
13
Let y(t) = -2*t**3 + 214*t**2 + 1358*t - 251. Determine y(113).
-25
Let r(y) = 14*y - 471. Calculate r(31).
-37
Let x(v) = -29*v**2 + 18*v + 45. Give x(-2).
-107
Let d(k) = k**2 + 40*k + 355. Calculate d(-19).
-44
Let p(d) = -23*d + 144. What is p(14)?
-178
Let a(d) = 17*d - 107. Calculate a(6).
-5
Let d(p) = -63*p - 2624. Determine d(-42).
22
Let q(l) = 11*l - 232. What is q(29)?
87
Let o(c) = c**2 - 14*c - 25. What is o(11)?
-58
Let h(k) = 2*k**3 - 46*k**2 - 182*k + 3246. What is h(24)?
30
Let r(c) = -c**3 + c**2 + 73*c - 11. Calculate r(0).
-11
Let g(q) = -22*q - 473. Calculate g(-20).
-33
Let y(z) = 36*z**2 + 1476*z + 9. Give y(-41).
9
Let y(m) = -259*m + 4129. Give y(16).
-15
Let f(i) = -i**3 - 10*i**2 + 49*i + 120. Give f(-13).
-10
Let s(y) = 159*y + 507. Determine s(-3).
30
Let o(d) = 23*d - 378. Determine o(16).
-10
Let u(k) = -7*k**3 - 3*k**2 - 7*k + 7. Calculate u(4).
-517
Let g(r) = r**3 + 4*r**2 - 13*r - 34. Give g(-2).
0
Let g(j) = j**3 - 3*j**2 - 74*j + 38. Calculate g(10).
-2
Let r(g) = -g**3 + 12*g**2 + 50*g + 41. Calculate r(-2).
-3
Let m(f) = f**2 - 169*f + 6543. Determine m(60).
3
Let w(i) = 122*i + 787. Give w(-6).
55
Let a(f) = -518*f + 7253. Calculate a(14).
1
Let i(z) = 2*z + 144. Give i(-29).
86
Let a(b) = -68*b + 59. Give a(0).
59
Let o(w) = -20*w**2 - 199*w + 116. What is o(-11)?
-115
Let m(t) = 13*t**2 - t + 176. Determine m(0).
176
Let i(u) = -107*u + 845. Calculate i(8).
-11
Let k(b) = -b**2 - 233*b + 1205. Give k(5).
15
Let z(k) = -8*k - 101. Give z(-6).
-53
Let k(h) = -113*h - 1035. What is k(-11)?
208
Let s(v) = v**3 + 9*v**2 + 1344*v + 12075. Determine s(-9).
-21
Let w(p) = -p**3 - 5*p**2 + 18. Give w(0).
18
Let y(g) = 5*g**2 + 97*g + 24. Calculate y(-20).
84
Let x(u) = -53*u + 172. What is x(8)?
-252
Let g(b) = -b**3 + 64*b**2 - 401*b - 2. Give g(7).
-16
Let x(v) = -v**3 + 45*v**2 + 148*v - 181. Give x(48).
11
Let z(t) = 197*t + 268. Give z(3).
859
Let r(p) = -20*p - 25. Give r(4).
-105
Let n(c) = 29*c**2 - 4*c + 3. Give n(1).
28
Let g(v) = 2*v**2 + 171*v + 2625. Calculate g(-20).
5
Let d(h) = 220*h**2 - 60*h + 61. Calculate d(1).
221
Let o(n) = -n**3 - 35*n**2 - 128*n - 46. Give o(-4).
-30
Let m(a) = 12*a**2 + 89*a - 12. Determine m(-7).
-47
Let z(i) = -12*i + 372. Determine z(24).
84
Let c(o) = 2*o**3 + 28*o**2 + 6*o + 14. Determine c(-14).
-70
Let h(o) = -11*o + 494. What is h(46)?
-12
Let o(a) = -13*a + 339. Calculate o(47).
-272
Let i(j) = 3*j - 975. Give i(8).
-951
Let p(i) = i**3 + 43*i**2 + 71*i + 186. Determine p(-41).
637
Let w(u) = u**2 - 42*u + 382. Calculate w(14).
-10
Let q(z) = -58*z**3 + 466*z**2 - 13*z - 30. What is q(8)?
-6
Let f(j) = -168*j**2 + 103*j. What is f(1)?
-65
Let l(z) = z**2 - 69*z - 642. Calculate l(-8).
-26
Let o(y) = -y**3 + 28*y**2 + 38*y - 335. Determine o(29).
-74
Let w(c) = c**2 + 262*c - 2. Calculate w(0).
-2
Let p(s) = -s + 89. Calculate p(-29).
118
Let b(d) = -3*d**2 + 94*d - 352. What is b(27)?
-1
Let a(u) = 4*u**3 - 2*u**2 + 37*u + 78. What is a(-2)?
-36
Let r(n) = -123*n**2 + n - 5. Give r(1).
-127
Let c(m) = 6*m**2 + 62*m + 66. Give c(-12).
186
Let a(x) = x**3 + 15*x**2 - 32*x + 29. Give a(-17).
-5
Let w(n) = n**2 - 92*n - 2366. Give w(-21).
7
Let x(m) = -m**3 + 8*m**2 - 17*m + 18. Give x(4).
14
Let b(y) = y**3 - 7*y**2 + 23*y - 6. Calculate b(6).
96
Let d(t) = 4*t**2 + 72*t - 243. Determine d(-21).
9
Let l(q) = -q**3 + 12*q**2 + 12*q - 27. Determine l(13).
-40
Let g(x) = -334*x + 10021. Determine g(30).
1
Let r(l) = -l**3 + 49*l**2 - 246*l + 9496. Calculate r(48).
-8
Let q(j) = -2*j**2 + 11*j + 36. Calculate q(12).
-120
Let m(o) = 275*o - 276. What is m(1)?
-1
Let b(m) = m**2 + 72*m - 763. Calculate b(10).
57
Let t(w) = 3*w**3 - 5*w**2 + w - 24. Calculate t(3).
15
Let n(t) = -9143*t + 128020. Calculate n(14).
18
Let k(x) = x**3 - 196*x**2 - 1380*x + 289. Determine k(-7).
2
Let u(t) = -t**2 + 54*t - 438. Determine u(10).
2
Let v(k) = 2*k**2 + 6*k - 8. Determine v(-9).
100
Let y(x) = -2*x**3 + 166*x**2 + 342*x - 209. Calculate y(85).
-39
Let b(v) = v**3 + 7*v**2 + 48*v + 11. Calculate b(-7).
-325
Let l(o) = -o**3 - 99*o**2 - 127*o - 2845. What is l(-98)?
-3
Let l(s) = s**2 + 32*s - 22. What is l(-35)?
83
Let x(l) = -l**3 - 27*l**2 + 55*l - 53. Give x(-29).
34
Let d(g) = 20*g**2 + 39*g + 23. What is d(-1)?
4
Let f(r) = r**3 + 56*r**2 + 151*r - 426. Calculate f(-53).
-2
Let c(v) = 104*v**3 + 2*v**2 + 2*v - 1. Calculate c(1).
107
Let o(m) = 21*m**2 + 44*m + 6. What is o(-2)?
2
Let z(b) = 52*b**2 + 163*b + 3. Determine z(-3).
-18
Let p(u) = -102*u - 6724. Calculate p(-66).
8
Let i(x) = -x**3 - 10*x**2 - 38*x - 109. Calculate i(-6).
-25
Let h(q) = 434*q**3 - 6*q**2 - 7*q - 2. What is h(-1)?
-435
Let d(y) = 14*y**2 - 342*y - 1698. Determine d(-5).
362
Let c(o) = 32*o**2 - 228*o + 32. Give c(7).
4
Let j(n) = -n**2 - 12*n - 10. Calculate j(-5).
25
Let z(c) = 3*c**3 - 11*c**2 - 2*c + 21. Determine z(6).
261
Let r(g) = -g**3 + 59*g**2 - 269*g - 38. Determine r(54).
16
Let v(o) = 3*o**3 - o**2 + 427*o + 429. Give v(-1).
-2
Let v(h) = 892*h + 16900. Calculate v(-19).
-48
Let z(x) = -x**3 + 24*x**2 - 23*x + 15. Calculate z(23).
15
Let h(i) = i**3 - 31*i**2 + 2*i - 59. What is h(31)?
3
Let c(z) = -2*z**2 - 297*z - 9615. What is c(-101)?
-20
Let h(d) = -3*d**2 - 118*d - 396. What is h(-36)?
-36
Let b(j) = -j**3 + 18*j**2 + 87*j + 14. What is b(22)?
-8
Let n(a) = a**2 - 46*a + 471. Give n(9).
138
Let f(a) = 49*a + 148. What is f(-4)?
-48
Let k(c) = -c**2 - 36*c + 1522. Give k(25).
-3
Let i(n) = -n**2 - 804*n - 6376. Give i(-8).
-8
Let a(g) = 3*g**2 + 33*g + 1. Calculate a(3).
127
Let z(l) = -577*l - 4050. What is z(-7)?
-11
Let b(a) = -601*a - 6605. Calculate b(-11).
6
Let k(c) = c**3 + 6*c**2 + 15*c + 22. Give k(-4).
-6
Let t(q) = 9424*q - 37699. Calculate t(4).
-3
Let f(v) = -695*v - 2083. Give f(-3).
2
Let c(r) = 91*r + 229. Give c(-2).
47
Let d(z) = 302*z - 1. Give d(0).
-1
Let l(y) = -18*y**2 - 129*y. Calculate l(-7).
21
Let q(v) = -2*v**3 + 75*v**2 - 35*v - 30. Calculate q(37).
44
Let o(u) = 88*u + 2289. Calculate o(-26).
1
Let r(n) = 11*n - 422. What is r(40)?
18
Let z(o) = o**3 + 246*o**2 - 484*o + 2991. Determine z(-248).
15
Let p(l) = -27*l + 140. Calculate p(5).
5
Let f(s) = 18*s + 46. Calculate f(-3).
-8
Let s(n) = -n**2 - 1100*n - 23720. What is s(-22)?
-4
Let x(y) = 4*y**2 - 48*y - 168. What is x(15)?
12
Let f(j) = j**2 - 12*j - 369. Give f(25).
-44
Let o(f) = -f**3 - 71*f**2 - 447*f - 82. Give o(-64).
-146
Let d(r) = r**3 + 44*r**2 - 42*r + 384. What is d(-45)?
249
Let h(c) =